{"id":6252,"date":"2021-03-31T23:07:23","date_gmt":"2021-03-31T21:07:23","guid":{"rendered":"https:\/\/przylep.edu.pl\/przedszkole\/?page_id=6252"},"modified":"2025-02-25T12:34:40","modified_gmt":"2025-02-25T11:34:40","slug":"rodo","status":"publish","type":"page","link":"https:\/\/przylep.edu.pl\/przedszkole\/rodo\/","title":{"rendered":"RODO"},"content":{"rendered":"\n<p><strong>Informacja og\u00f3lna dla os\u00f3b, kt\u00f3rych dane osobowe b\u0119d\u0105 przetwarzane przez\u00a0Zesp\u00f3\u0142\u00a0Szkolno-Przedszkolny w Przylepie<\/strong><\/p>\n\n\n\n<p>Zgodnie z art. 13 rozporz\u0105dzenia Parlamentu Europejskiego i Rady (UE) 2016\/679 z\u00a0dnia\u00a027\u00a0kwietnia 2016 r. w\u00a0sprawie ochrony os\u00f3b fizycznych w\u00a0zwi\u0105zku z\u00a0przetwarzaniem danych osobowych i w sprawie swobodnego przep\u0142ywu takich danych oraz uchylenia dyrektywy 95\/46\/WE (og\u00f3lne rozporz\u0105dzenie o ochronie danych) ((Dz.U.UE L z\u00a0dnia\u00a04\u00a0maja\u00a02016 r.) \u2013 dalej RODO, informujemy i\u017c:<\/p>\n\n\n\n<p><strong>Administratorem danych osobowych jest:<\/strong><\/p>\n\n\n\n<p>Zesp\u00f3\u0142 Szkolno\u2013Przedszkolny w Przylepie z siedzib\u0105: ul.&nbsp;Rodzinna 1, 72-005 Przec\u0142aw. Z&nbsp;administratorem danych mo\u017cna si\u0119 skontaktowa\u0107 telefonicznie pod numerem&nbsp; 781&nbsp;229&nbsp;226, na adres e-mail: sekretariat@przylep.edu.pl lub pisemnie na adres siedziby administratora.<\/p>\n\n\n\n<p><strong>Inspektor ochrony danych.<\/strong><\/p>\n\n\n\n<p>Administrator wyznaczy\u0142 inspektora Ochrony Danych osobowych \u2013 Paulin\u0119 Gogolewsk\u0105, z\u00a0kt\u00f3r\u0105 mo\u017cna si\u0119 kontaktowa\u0107 poprzez email: iod@perfectinfo.pl, telefonicznie pod\u00a0numerem 609\u00a0163\u00a0279 \u00a0lub pisemnie na adres siedziby administratora. Z\u00a0inspektorem ochrony danych mo\u017cna si\u0119 kontaktowa\u0107, w sprawach dotycz\u0105cych przetwarzania danych osobowych oraz korzystania z\u00a0praw zwi\u0105zanych z\u00a0przetwarzaniem danych.<\/p>\n\n\n\n<p><strong>Cele i podstawy przetwarzania<\/strong>.<\/p>\n\n\n\n<p>Dane osobowe mog\u0105 by\u0107 przetwarzane przez administratora w zwi\u0105zku z realizacj\u0105 zada\u0144 statutowych, a&nbsp;podstaw\u0119 przetwarzania w zale\u017cno\u015bci od realizowanego celu mo\u017ce stanowi\u0107:<\/p>\n\n\n\n<p>art. 6 ust. 1 lit. a) RODO \u2013 czyli wyra\u017cona zgoda (np. na upublicznienie wizerunku, imienia i&nbsp;nazwiska, itd.).;<\/p>\n\n\n\n<p>art. 6 ust. 1 lit. b) RODO &nbsp;\u2013 w zwi\u0105zku z zamiarem zawarcia, zawarciem i realizowaniem umowy z&nbsp;administratorem;<\/p>\n\n\n\n<p>art. 6 ust. 1 lit. c) RODO &nbsp;\u2013 w przypadku, gdy administrator b\u0119dzie realizowa\u0142 obowi\u0105zek prawny na nim spoczywaj\u0105cy, wynikaj\u0105cy z przepisu prawa (np. w zwi\u0105zku z rekrutacj\u0105 do&nbsp;przedszkola, szko\u0142y, \u015bwiadczeniem us\u0142ug edukacyjnych, sprawowaniem opieki itd.);<\/p>\n\n\n\n<p>art. 6 ust. 1 lit. d) RODO &nbsp;\u2013 w przypadku podejmowania przez administratora dzia\u0142a\u0144 zwi\u0105zanych z&nbsp;ratowaniem zdrowia lub \u017cycia;<\/p>\n\n\n\n<p>art. 6 ust. 1 lit. e) RODO \u2013 w przypadku realizowania przez administratora dzia\u0142a\u0144 w szeroko rozumianym interesie publicznym (np. pomiar temperatury cia\u0142a przed wej\u015bciem na teren plac\u00f3wki).<\/p>\n\n\n\n<p><strong>Odbiorcy danych osobowych.<\/strong><\/p>\n\n\n\n<p>Odbiorcami danych osobowych mog\u0105 by\u0107:<\/p>\n\n\n\n<ul class=\"wp-block-list\">\n<li>podmioty \u015bwiadcz\u0105ce obs\u0142ug\u0119 prawn\u0105, informatyczn\u0105, ekonomiczn\u0105 administratora, \u00a0<\/li>\n\n\n\n<li>jednostki administracji publicznej uprawnione do sprawowania kontroli i nadzoru nad\u00a0prawid\u0142owo\u015bci\u0105 funkcjonowania administratora,<\/li>\n\n\n\n<li>wszelkie podmioty mog\u0105ce potwierdzi\u0107 prawdziwo\u015b\u0107 podanych administratorowi danych,<\/li>\n\n\n\n<li>wszelkie podmioty upowa\u017cnione do przetwarzania danych na podstawie przepis\u00f3w prawa powszechnie obowi\u0105zuj\u0105cego (ZUS, US, Kuratorium O\u015bwiaty, S\u0105dy itp.).\u00a0<\/li>\n<\/ul>\n\n\n\n<p><strong>Okres przechowywania danych<\/strong><\/p>\n\n\n\n<p>Dane w odniesieniu do konkretnej czynno\u015bci, b\u0119d\u0105 przechowywane przez czas wynikaj\u0105cy z&nbsp;Jednolitego Rzeczowego Wykazu Akt przyj\u0119tego przez administratora.&nbsp;<\/p>\n\n\n\n<p><strong>Spos\u00f3b przetwarzania danych osobowych<\/strong><\/p>\n\n\n\n<p>Dane nie b\u0119d\u0105 przetwarzane w spos\u00f3b zautomatyzowany, nie zostan\u0105 poddane profilowaniu i nie b\u0119d\u0105 przekazywane do pa\u0144stw trzecich bez wyra\u017anej zgody w\u0142a\u015bciciela danych b\u0105d\u017a&nbsp;jasnej informacji w tej kwestii.<\/p>\n\n\n\n<p><strong>Prawa os\u00f3b, kt\u00f3rych dane dotycz\u0105<\/strong><\/p>\n\n\n\n<p>Zgodnie z RODO przys\u0142uguj\u0105 Pa\u0144stwu nast\u0119puj\u0105ce Prawa:<\/p>\n\n\n\n<ul class=\"wp-block-list\">\n<li>prawo dost\u0119pu do swoich danych oraz otrzymania ich kopi,<\/li>\n\n\n\n<li>prawo do sprostowania (poprawiania) swoich danych,<\/li>\n\n\n\n<li>prawo do usuni\u0119cia danych osobowych, w sytuacji, gdy przetwarzanie danych nie\u00a0nast\u0119puje w\u00a0celu wywi\u0105zania si\u0119 z\u00a0obowi\u0105zku wynikaj\u0105cego z przepisu prawa lub\u00a0w\u00a0ramach sprawowania w\u0142adzy publicznej,<\/li>\n\n\n\n<li>prawo do ograniczenia przetwarzania danych,<\/li>\n\n\n\n<li>prawo do wycofania zgody w przypadku, gdy dane s\u0105 przetwarzane na podstawie zgody,<\/li>\n\n\n\n<li>prawo do wniesienia skargi do Prezesa UODO na adres Prezesa Urz\u0119du Ochrony Danych Osobowych, ul.\u00a0Stawki 2, 00 &#8211; 193 Warszawa.<\/li>\n<\/ul>\n\n\n\n<p><strong>Informacja o wymogu podania danych<\/strong><\/p>\n\n\n\n<p>Podanie przez Pa\u0144stwa danych mo\u017ce by\u0107 wymogiem ustawowym \u2013 gdy b\u0119d\u0105 przetwarzane na podstawie art. 6 ust. 1 lit. c), e), b\u0105d\u017a dobrowolne gdy b\u0119d\u0105 przetwarzane na podstawie art. 6 ust. 1&nbsp; lit. a), jak r\u00f3wnie\u017c niezb\u0119dnym dla celu przetwarzania, gdy podstaw\u0105 tej operacji b\u0119dzie art. 6 ust. 1 lit. b), c). Powy\u017csze jest uzale\u017cnione od celu przetwarzania danych osobowych i podstawy prawnej sankcjonuj\u0105cej ich przetwarzanie. Administrator w&nbsp;odniesieniu do konkretnych sytuacji zwi\u0105zanych z&nbsp;przetwarzaniem danych osobowych b\u0119dzie odr\u0119bnie udziela\u0142 informacji, o kt\u00f3rych mowa w art. 13 RODO w\u0142a\u015bcicielom lub&nbsp;dysponentom danych osobowych.<\/p>\n","protected":false},"excerpt":{"rendered":"<p>Informacja og\u00f3lna dla os\u00f3b, kt\u00f3rych dane osobowe b\u0119d\u0105 przetwarzane przez\u00a0Zesp\u00f3\u0142\u00a0Szkolno-Przedszkolny w Przylepie Zgodnie z art. 13 rozporz\u0105dzenia Parlamentu Europejskiego i Rady (UE) 2016\/679 z\u00a0dnia\u00a027\u00a0kwietnia 2016 r. w\u00a0sprawie ochrony os\u00f3b fizycznych w\u00a0zwi\u0105zku z\u00a0przetwarzaniem danych osobowych i w sprawie swobodnego przep\u0142ywu takich danych oraz uchylenia dyrektywy 95\/46\/WE (og\u00f3lne rozporz\u0105dzenie o ochronie danych) ((Dz.U.UE L z\u00a0dnia\u00a04\u00a0maja\u00a02016 r.) \u2013 [&hellip;]<\/p>\n","protected":false},"author":1,"featured_media":0,"parent":0,"menu_order":0,"comment_status":"closed","ping_status":"closed","template":"","meta":{"footnotes":""},"class_list":["post-6252","page","type-page","status-publish","hentry"],"_links":{"self":[{"href":"https:\/\/przylep.edu.pl\/przedszkole\/wp-json\/wp\/v2\/pages\/6252","targetHints":{"allow":["GET"]}}],"collection":[{"href":"https:\/\/przylep.edu.pl\/przedszkole\/wp-json\/wp\/v2\/pages"}],"about":[{"href":"https:\/\/przylep.edu.pl\/przedszkole\/wp-json\/wp\/v2\/types\/page"}],"author":[{"embeddable":true,"href":"https:\/\/przylep.edu.pl\/przedszkole\/wp-json\/wp\/v2\/users\/1"}],"replies":[{"embeddable":true,"href":"https:\/\/przylep.edu.pl\/przedszkole\/wp-json\/wp\/v2\/comments?post=6252"}],"version-history":[{"count":3,"href":"https:\/\/przylep.edu.pl\/przedszkole\/wp-json\/wp\/v2\/pages\/6252\/revisions"}],"predecessor-version":[{"id":11186,"href":"https:\/\/przylep.edu.pl\/przedszkole\/wp-json\/wp\/v2\/pages\/6252\/revisions\/11186"}],"wp:attachment":[{"href":"https:\/\/przylep.edu.pl\/przedszkole\/wp-json\/wp\/v2\/media?parent=6252"}],"curies":[{"name":"wp","href":"https:\/\/api.w.org\/{rel}","templated":true}]}}

<p><strong>Informacja ogólna dla osób, których dane osobowe będą przetwarzane przez Zespół Szkolno-Przedszkolny w Przylepie</strong></p>



<p>Zgodnie z art. 13 rozporządzenia Parlamentu Europejskiego i Rady (UE) 2016/679 z dnia 27 kwietnia 2016 r. w sprawie ochrony osób fizycznych w związku z przetwarzaniem danych osobowych i w sprawie swobodnego przepływu takich danych oraz uchylenia dyrektywy 95/46/WE (ogólne rozporządzenie o ochronie danych) ((Dz.U.UE L z dnia 4 maja 2016 r.) – dalej RODO, informujemy iż:</p>



<p><strong>Administratorem danych osobowych jest:</strong></p>



<p>Zespół Szkolno–Przedszkolny w Przylepie z siedzibą: ul.&nbsp;Rodzinna 1, 72-005 Przecław. Z&nbsp;administratorem danych można się skontaktować telefonicznie pod numerem&nbsp; 781&nbsp;229&nbsp;226, na adres e-mail: sekretariat@przylep.edu.pl lub pisemnie na adres siedziby administratora.</p>



<p><strong>Inspektor ochrony danych.</strong></p>



<p>Administrator wyznaczył inspektora Ochrony Danych osobowych – Paulinę Gogolewską, z którą można się kontaktować poprzez email: iod@perfectinfo.pl, telefonicznie pod numerem 609 163 279  lub pisemnie na adres siedziby administratora. Z inspektorem ochrony danych można się kontaktować, w sprawach dotyczących przetwarzania danych osobowych oraz korzystania z praw związanych z przetwarzaniem danych.</p>



<p><strong>Cele i podstawy przetwarzania</strong>.</p>



<p>Dane osobowe mogą być przetwarzane przez administratora w związku z realizacją zadań statutowych, a&nbsp;podstawę przetwarzania w zależności od realizowanego celu może stanowić:</p>



<p>art. 6 ust. 1 lit. a) RODO – czyli wyrażona zgoda (np. na upublicznienie wizerunku, imienia i&nbsp;nazwiska, itd.).;</p>



<p>art. 6 ust. 1 lit. b) RODO &nbsp;– w związku z zamiarem zawarcia, zawarciem i realizowaniem umowy z&nbsp;administratorem;</p>



<p>art. 6 ust. 1 lit. c) RODO &nbsp;– w przypadku, gdy administrator będzie realizował obowiązek prawny na nim spoczywający, wynikający z przepisu prawa (np. w związku z rekrutacją do&nbsp;przedszkola, szkoły, świadczeniem usług edukacyjnych, sprawowaniem opieki itd.);</p>



<p>art. 6 ust. 1 lit. d) RODO &nbsp;– w przypadku podejmowania przez administratora działań związanych z&nbsp;ratowaniem zdrowia lub życia;</p>



<p>art. 6 ust. 1 lit. e) RODO – w przypadku realizowania przez administratora działań w szeroko rozumianym interesie publicznym (np. pomiar temperatury ciała przed wejściem na teren placówki).</p>



<p><strong>Odbiorcy danych osobowych.</strong></p>



<p>Odbiorcami danych osobowych mogą być:</p>



<ul class="wp-block-list">
<li>podmioty świadczące obsługę prawną, informatyczną, ekonomiczną administratora,  </li>



<li>jednostki administracji publicznej uprawnione do sprawowania kontroli i nadzoru nad prawidłowością funkcjonowania administratora,</li>



<li>wszelkie podmioty mogące potwierdzić prawdziwość podanych administratorowi danych,</li>



<li>wszelkie podmioty upoważnione do przetwarzania danych na podstawie przepisów prawa powszechnie obowiązującego (ZUS, US, Kuratorium Oświaty, Sądy itp.). </li>
</ul>



<p><strong>Okres przechowywania danych</strong></p>



<p>Dane w odniesieniu do konkretnej czynności, będą przechowywane przez czas wynikający z&nbsp;Jednolitego Rzeczowego Wykazu Akt przyjętego przez administratora.&nbsp;</p>



<p><strong>Sposób przetwarzania danych osobowych</strong></p>



<p>Dane nie będą przetwarzane w sposób zautomatyzowany, nie zostaną poddane profilowaniu i nie będą przekazywane do państw trzecich bez wyraźnej zgody właściciela danych bądź&nbsp;jasnej informacji w tej kwestii.</p>



<p><strong>Prawa osób, których dane dotyczą</strong></p>



<p>Zgodnie z RODO przysługują Państwu następujące Prawa:</p>



<ul class="wp-block-list">
<li>prawo dostępu do swoich danych oraz otrzymania ich kopi,</li>



<li>prawo do sprostowania (poprawiania) swoich danych,</li>



<li>prawo do usunięcia danych osobowych, w sytuacji, gdy przetwarzanie danych nie następuje w celu wywiązania się z obowiązku wynikającego z przepisu prawa lub w ramach sprawowania władzy publicznej,</li>



<li>prawo do ograniczenia przetwarzania danych,</li>



<li>prawo do wycofania zgody w przypadku, gdy dane są przetwarzane na podstawie zgody,</li>



<li>prawo do wniesienia skargi do Prezesa UODO na adres Prezesa Urzędu Ochrony Danych Osobowych, ul. Stawki 2, 00 &#8211; 193 Warszawa.</li>
</ul>



<p><strong>Informacja o wymogu podania danych</strong></p>



<p>Podanie przez Państwa danych może być wymogiem ustawowym – gdy będą przetwarzane na podstawie art. 6 ust. 1 lit. c), e), bądź dobrowolne gdy będą przetwarzane na podstawie art. 6 ust. 1&nbsp; lit. a), jak również niezbędnym dla celu przetwarzania, gdy podstawą tej operacji będzie art. 6 ust. 1 lit. b), c). Powyższe jest uzależnione od celu przetwarzania danych osobowych i podstawy prawnej sankcjonującej ich przetwarzanie. Administrator w&nbsp;odniesieniu do konkretnych sytuacji związanych z&nbsp;przetwarzaniem danych osobowych będzie odrębnie udzielał informacji, o których mowa w art. 13 RODO właścicielom lub&nbsp;dysponentom danych osobowych.</p>

<p>Informacja ogólna dla osób, których dane osobowe będą przetwarzane przez Zespół Szkolno-Przedszkolny w Przylepie Zgodnie z art. 13 rozporządzenia Parlamentu Europejskiego i Rady (UE) 2016/679 z dnia 27 kwietnia 2016 r. w sprawie ochrony osób fizycznych w związku z przetwarzaniem danych osobowych i w sprawie swobodnego przepływu takich danych oraz uchylenia dyrektywy 95/46/WE (ogólne rozporządzenie o ochronie danych) ((Dz.U.UE L z dnia 4 maja 2016 r.) – [&hellip;]</p>
